7 and 177194010.
7
What is the highest common factor of 1040 and 29285880?
520
What is the highest common divisor of 29522605 and 280?
35
What is the highest common factor of 30680 and 1824398?
118
Calculate the greatest common divisor of 24988313 and 14.
7
What is the highest common divisor of 57454794 and 43?
43
Calculate the highest common factor of 13816 and 43384.
88
Calculate the greatest common divisor of 17594 and 110732.
38
What is the greatest common factor of 43668937 and 494?
13
What is the highest common factor of 1870398319 and 193?
193
Calculate the highest common factor of 45 and 14133231.
9
Calculate the highest common factor of 220371 and 174261.
87
Calculate the highest common factor of 22382 and 33883.
31
What is the highest common factor of 84 and 35389604?
4
What is the highest common factor of 850 and 2272458?
34
Calculate the greatest common factor of 15102589 and 688.
43
Calculate the greatest common divisor of 153027 and 1008.
63
What is the greatest common factor of 4182481 and 45494?
989
Calculate the greatest common factor of 4639180 and 152880.
1820
What is the greatest common divisor of 154412478 and 132?
66
Calculate the highest common divisor of 11 and 740861011.
11
Calculate the highest common divisor of 79232 and 119424.
128
What is the greatest common divisor of 500447322 and 1674?
1674
What is the highest common divisor of 66616 and 216?
8
Calculate the highest common factor of 58792593 and 36112.
2257
Calculate the greatest common factor of 13692448 and 1232.
1232
What is the highest common factor of 124410832 and 280?
56
Calculate the highest common factor of 48 and 356924.
4
What is the greatest common factor of 85 and 692979211?
17
Calculate the highest common factor of 215 and 1390735.
5
What is the highest common factor of 224 and 50090336?
32
Calculate the greatest common divisor of 340223 and 71513.
13
Calculate the highest common divisor of 9747038 and 133.
133
Calculate the highest common factor of 3862521 and 2223.
117
Calculate the greatest common factor of 15256935 and 67275.
1035
What is the highest common divisor of 74 and 37393?
1
What is the highest common divisor of 3624295042 and 34?
34
Calculate the greatest common factor of 152648025 and 870.
435
Calculate the highest common divisor of 683431 and 28609.
7
What is the greatest common divisor of 193 and 105416407?
193
Calculate the greatest common factor of 408418 and 689.
53
Calculate the greatest common divisor of 980 and 185584.
28
Calculate the greatest common factor of 9768 and 3145000.
296
What is the greatest common divisor of 410041 and 30368?
73
Calculate the highest common factor of 8207 and 665333.
283
Calculate the greatest common divisor of 11666 and 38494.
38
Calculate the greatest common factor of 372726 and 94590.
18
What is the greatest common factor of 22014252 and 338?
26
Calculate the highest common factor of 5670 and 123390.
270
Calculate the highest common factor of 146 and 14783887.
73
What is the greatest common factor of 3474312 and 96?
24
Calculate the highest common factor of 1388459883 and 4118.
2059
Calculate the highest common divisor of 63 and 8779057.
7
Calculate the highest common divisor of 119 and 177051.
7
What is the greatest common factor of 311280 and 14187883?
1297
What is the highest common factor of 564 and 4317232?
188
Calculate the greatest common factor of 8175 and 113588355.
1635
Calculate the greatest common divisor of 363069 and 13149.
27
What is the greatest common factor of 12 and 28495872?
12
What is the greatest common factor of 4541646 and 34200?
114
What is the greatest common factor of 9960 and 344640?
120
What is the greatest common factor of 601350599 and 362?
181
What is the greatest common divisor of 40865 and 1507547?
743
Calculate the highest common divisor of 23034809 and 14.
7
What is the highest common factor of 116709528 and 120?
24
Calculate the greatest common factor of 132 and 40596369.
33
What is the greatest common divisor of 2068 and 2462?
2
What is the highest common factor of 220275766 and 34?
34
Calculate the highest common factor of 25 and 467743475.
25
Calculate the highest common factor of 143912930 and 1022.
1022
Calculate the highest common divisor of 66392 and 366833.
43
Calculate the highest common divisor of 14537880 and 504.
504
What is the highest common factor of 83190 and 531429?
141
What is the highest common divisor of 1150 and 2910500?
50
Calculate the greatest common factor of 147 and 17916654.
147
Calculate the highest common divisor of 43 and 1077451.
43
What is the highest common divisor of 11110826 and 75616?
4726
Calculate the greatest common divisor of 164668 and 10444.
28
Calculate the greatest common divisor of 71474523 and 10171.
1453
What is the greatest common divisor of 190365 and 40?
5
Calculate the greatest common divisor of 473574 and 16.
2
Calculate the highest common factor of 16856 and 615414968.
2408
Calculate the greatest common divisor of 51116702 and 52.
26
Calculate the highest common factor of 492913050 and 597.
597
What is the highest common factor of 58661206 and 592?
74
What is the greatest common divisor of 4648 and 565869017?
581
Calculate the greatest common factor of 42311 and 15090437.
1459
What is the highest common divisor of 955 and 29589529?
191
Calculate the greatest common factor of 603 and 75724338.
201
Calculate the highest common divisor of 79908269 and 49.
49
What is the highest common factor of 1029620 and 4480?
20
Calculate the highest common factor of 588 and 35553028.
196
What is the greatest common divisor of 26140 and 36810?
10
Calculate the greatest common divisor of 99831 and 112029.
321
What is the highest common factor of 3499616 and 704?
32
Calculate the greatest common factor of 130456269 and 463.
463
Calculate the highest common factor of 100 and 2720884450.
50
Calculate the greatest common divisor of 125642716 and 136.
68
Calculate the greatest common factor of 365 and 125497.
1
Calculate the highest common divisor of 1581661 and 1243.
113
Calculate the greatest common divisor of 298149 and 83375.
667
Calculate the highest common factor of 33142 and 621072.
454
Calculate the greatest common divisor of 18314338 and 2006.
34
What is the highest common factor of 135317591 and 362?
181
What is the highest common factor of 12077118 and 342?
18
Calculate the highest common divisor of 10125 and 1189125.
1125
What is the highest common factor of 376029 and 1863?
27
Calculate the greatest common factor of 10 and 468170.
10
What is the greatest common divisor of 96993 and 721071?
117
Calculate the highest common divisor of 7664850 and 1350.
450
Calculate the greatest common divisor of 363832 and 29726.
178
What is the greatest common divisor of 177708 and 448872?
708
Calculate the highest common divisor of 718742227 and 14.
7
What is the highest common divisor of 3410764 and 100950?
1346
Calculate the highest common factor of 1435870 and 36140.
1390
Calculate the highest common divisor of 563751634 and 2446.
2446
Calculate the highest common factor of 9035 and 1375595.
65
What is the highest common divisor of 48844009 and 17?
17
What is the highest common divisor of 44783 and 137674?
19
What is the highest common factor of 9 and 7311609?
9
What is the greatest common divisor of 949 and 53733183?
73
What is the highest common factor of 4352 and 268702?
34
What is the highest common divisor of 9177 and 753711?
399
Calculate the highest common factor of 11747827 and 14.
7
What is the greatest common factor of 40926088 and 252?
28
Calculate the greatest common factor of 940500 and 3527700.
3300
Calculate the highest common divisor of 7025 and 120549.
281
What is the greatest common divisor of 869040 and 2601?
153
What is the greatest common divisor of 680 and 370845480?
680
What is the highest common divisor of 585156797 and 489?
163
What is the greatest common divisor of 3530 and 5470?
10
What is the greatest common factor of 2291 and 33870637?
29
Calculate the highest common divisor of 20 and 35048210.
10
Calculate the highest common divisor of 152 and 18139604.
76
Calculate the greatest common factor of 40869 and 19551.
57
What is the greatest common divisor of 3034 and 6065704?
82
What is the greates